{"id":3,"date":"2020-10-09T08:52:47","date_gmt":"2020-10-09T08:52:47","guid":{"rendered":"http:\/\/mediaciondefensorpuebloandaluz.es\/?page_id=3"},"modified":"2022-10-07T09:20:42","modified_gmt":"2022-10-07T09:20:42","slug":"politica-privacidad","status":"publish","type":"page","link":"https:\/\/mediacion.defensordelpuebloandaluz.es\/mapa-recursos-andalucia\/politica-privacidad","title":{"rendered":"Pol\u00edtica de privacidad y aviso legal"},"content":{"rendered":"\n<style type=\"text\/css\" data-created_by=\"avia_inline_auto\" id=\"style-css-av-19n-2db872424d003cd4e625fb715ef0352b\">\n#top .av-special-heading.av-19n-2db872424d003cd4e625fb715ef0352b{\npadding-bottom:10px;\n}\nbody .av-special-heading.av-19n-2db872424d003cd4e625fb715ef0352b .av-special-heading-tag .heading-char{\nfont-size:25px;\n}\n.av-special-heading.av-19n-2db872424d003cd4e625fb715ef0352b .av-subheading{\nfont-size:15px;\n}\n<\/style>\n<div  class='av-special-heading av-19n-2db872424d003cd4e625fb715ef0352b av-special-heading-h1  avia-builder-el-0  el_before_av_hr  avia-builder-el-first '><h1 class='av-special-heading-tag'  itemprop=\"headline\"  >Pol\u00edtica de privacidad , Aviso Legal y Cookies<\/h1><div class=\"special-heading-border\"><div class=\"special-heading-inner-border\"><\/div><\/div><\/div>\n<div  class='hr av-3wpx-53ee51838003b7560235752fb9c962fd hr-default  avia-builder-el-1  el_after_av_heading  el_before_av_textblock '><span class='hr-inner '><span class=\"hr-inner-style\"><\/span><\/span><\/div>\n<section  class='av_textblock_section av-kh2a6t7k-1e529cdfbce52692a26dbd5717f4e558'  itemscope=\"itemscope\" itemtype=\"https:\/\/schema.org\/CreativeWork\" ><div class='avia_textblock'  itemprop=\"text\" ><p>INTRODUCCI\u00d3N<\/p>\n<p>A trav\u00e9s de este sitio web no se recaban datos de car\u00e1cter personal de los usuarios sin su conocimiento, ni se ceden a terceros.<\/p>\n<p>Con la finalidad de ofrecerle el mejor servicio y con el objeto de facilitar el uso, se analizan el n\u00famero de p\u00e1ginas visitadas, el n\u00famero de visitas, as\u00ed como la actividad de los visitantes y su frecuencia de utilizaci\u00f3n. A estos efectos, el Defensor del Pueblo Andaluz y Defensor del Menor de Andaluc\u00eda (DPA) utiliza informaci\u00f3n estad\u00edstica obtenida por s\u00ed mismo, por el Proveedor de Servicios de Internet o por Google Analytics.<\/p>\n<p>El sistema de navegaci\u00f3n y el software necesarios para el funcionamiento de este sitio web recogen, de manera est\u00e1ndar, algunos datos cuya transmisi\u00f3n va impl\u00edcita en el uso de los protocolos de comunicaci\u00f3n de Internet. En esta categor\u00eda de datos se encuentra la direcci\u00f3n IP o nombre de dominio del ordenador utilizado por el usuario para conectarse al sitio web, la direcci\u00f3n URL del recurso solicitado, la hora, el m\u00e9todo utilizado para la consulta al servidor, el tama\u00f1o del archivo obtenido en la respuesta, el c\u00f3digo num\u00e9rico que indica el estado de la respuesta al servidor, y otros par\u00e1metros relativos al sistema operativo del entorno inform\u00e1tico de la persona usuaria.<\/p>\n<p>Esta informaci\u00f3n no se asocia a personas usuarias concretas y se utiliza con la finalidad exclusiva de obtener informaci\u00f3n estad\u00edstica sobre el uso de los sitios web del DPA.<\/p>\n<p>No se utilizan galletas (cookies) u otros medios de naturaleza an\u00e1loga para el tratamiento de datos personales que permitan la identificaci\u00f3n de personas f\u00edsicas concretas, usuarias del sitio web. El uso de estos medios se reserva exclusivamente para recoger informaci\u00f3n t\u00e9cnica para facilitar a las personas usuarias la accesibilidad y la exploraci\u00f3n segura y eficiente de los sitios.<\/p>\n<p>El portal del que es titular el DPA contiene enlaces a sitios web de terceros, cuyas pol\u00edticas de privacidad son ajenas a la del DPA. Al acceder a tales sitios web usted puede decidir si acepta sus pol\u00edticas de privacidad y de cookies. Con car\u00e1cter general, si navega por internet usted puede aceptar o rechazar las cookies de terceros desde las opciones de configuraci\u00f3n de su navegador.<\/p>\n<p>INFORMACI\u00d3N B\u00c1SICA SOBRE PROTECCI\u00d3N DE DATOS<\/p>\n<p>A continuaci\u00f3n le informamos sobre la pol\u00edtica de protecci\u00f3n de datos del Defensor del Pueblo Andaluz.<\/p>\n<p>Responsable del tratamiento<\/p>\n<p>Los datos de car\u00e1cter personal que se pudieran recabar directamente del interesado ser\u00e1n tratados de forma confidencial y quedar\u00e1n incorporados a la correspondiente actividad de tratamiento titularidad del Defensor del Pueblo Andaluz (DPA).<\/p>\n<p>La seguridad de los datos de este sitio web est\u00e1 en manos de <a href=\"http:\/\/centraldecomunicacion.es\/\">Listado de Empresas Centraldecomunicacion.es<\/a><\/p>\n<p>La relaci\u00f3n actualizada de las actividades de tratamiento que el DPA lleva a cabo se encuentra descrita en el registro de actividades de tratamiento.<\/p>\n<p>Finalidad<\/p>\n<p>La finalidad del tratamiento de los datos corresponde a cada una de las actividades de tratamiento que realiza el DPA, que est\u00e1n recogidas en el citado Registro.<\/p>\n<p>Legitimaci\u00f3n<\/p>\n<p>El tratamiento de sus datos se realiza para el cumplimiento de obligaciones legales por parte del DPA, para el cumplimiento de misiones realizada en inter\u00e9s p\u00fablico o en el ejercicio de poderes p\u00fablicos conferidos al DPA, as\u00ed como cuando la finalidad del tratamiento requiera su consentimiento, que habr\u00e1 de ser prestado mediante una clara acci\u00f3n afirmativa.<\/p>\n<p>La base legal para cada una de las actividades de tratamiento que lleva a cabo el DPA est\u00e1 descrita en el registro de actividades de tratamiento del DPA.<\/p>\n<p>Conservaci\u00f3n de datos<\/p>\n<p>Los datos personales proporcionados se conservar\u00e1n durante el tiempo necesario para cumplir con la finalidad para la que se recaban y para determinar las posibles responsabilidades que se pudieran derivar de la finalidad, adem\u00e1s de los per\u00edodos establecidos en la normativa de archivos y documentaci\u00f3n.<\/p>\n<p>Comunicaci\u00f3n de datos<\/p>\n<p>Con car\u00e1cter general no se comunicar\u00e1n los datos personales a terceros, salvo obligaci\u00f3n legal o cumplimiento de misi\u00f3n de inter\u00e9s p\u00fablico, entre las que pueden estar las comunicaciones al Defensor del Pueblo e instituciones an\u00e1logas, Jueces y Tribunales, Ministerio P\u00fablico y organismos y entidades afectadas en las quejas, reclamaciones, consultas, solicitudes o sugerencias presentadas.<\/p>\n<p>Tales destinatarios est\u00e1n descritos en el registro de actividades de tratamiento del DPA.<\/p>\n<p>Derechos de los interesados<\/p>\n<p>Cualquier persona tiene derecho a obtener confirmaci\u00f3n sobre los tratamientos que de sus datos que se llevan a cabo por el DPA.<\/p>\n<p>Puede ejercer sus derechos de acceso, rectificaci\u00f3n, supresi\u00f3n y portabilidad de sus datos, de limitaci\u00f3n y oposici\u00f3n a su tratamiento, as\u00ed como a no ser objeto de decisiones basadas \u00fanicamente en el tratamiento automatizado de sus datos, cuando procedan, ante el Defensor del Pueblo Andaluz, C\/ Reyes Cat\u00f3licos, 21, 41001- Sevilla o en la direcci\u00f3n de correo electr\u00f3nico dpd@defensordelpuebloandaluz.es<\/p>\n<p>Titularidad del portal<\/p>\n<p>Los sitios web http:\/\/www.defensordelpuebloandaluz.es\/ y http:\/\/www.defensordelmenordeandalucia.es\/, as\u00ed como todos los subdominios y directorios incluidos bajo los mismos (en adelante, conjuntamente denominados como el Portal o los Portales), son titularidad del Defensor del Pueblo Andaluz \u2013 Defensor del Menor de Andaluc\u00eda (DPA). Calle Reyes Cat\u00f3licos, 21. 41001 Sevilla &#8211; Andaluc\u00eda &#8211; Espa\u00f1a. Tel\u00e9fono: (+ 34) 954 21 21 21.<\/p>\n<p>CONDICIONES GENERALES DE USO DEL PORTAL<\/p>\n<p>El DPA le informa que el acceso y uso del portal y los servicios o contenidos que a trav\u00e9s del mismo se puedan obtener est\u00e1n sujetos a los t\u00e9rminos que se detallan en el presente Aviso Legal, sin perjuicio de que el acceso a algunos de dichos servicios o contenidos pudieran precisar de la aceptaci\u00f3n de algunas condiciones adicionales.<\/p>\n<p>Por ello, si las consideraciones detalladas en este Aviso Legal no son de su conformidad, rogamos no haga uso del portal, ya que cualquier utilizaci\u00f3n que haga de \u00e9ste o de los servicios y contenidos en incluidos en \u00e9l se entender\u00e1 que parte de la aceptaci\u00f3n de los t\u00e9rminos legales recogidos en este texto. En este sentido le indicamos que podr\u00e1 contactar con el DPA por cualquiera de los medios indicados m\u00e1s arriba.<\/p>\n<p>El DPA se reserva el derecho a realizar cambios en el portal sin previo aviso, con el objeto de actualizar, corregir, modificar, a\u00f1adir o eliminar los contenidos, su dise\u00f1o y\/o condiciones de uso. Por tal motivo, le sugerimos que revise peri\u00f3dicamente este Aviso Legal. Asimismo le sugerimos que compruebe siempre la vigencia y exactitud de la informaci\u00f3n, servicios y contenidos en el portal ya que la actualizaci\u00f3n de \u00e9stos es peri\u00f3dica pero no inmediata.<\/p>\n<p>El DPA no se hace responsable de los da\u00f1os y perjuicios que pudiera ocasionar la utilizaci\u00f3n de las herramientas e informaciones contenidas en sus Portales en relaci\u00f3n con la adopci\u00f3n de decisiones de los particulares.<\/p>\n<p>De igual modo, el DPA no garantiza que la informaci\u00f3n contenida en los Portales reproduzca fielmente la recogida en los respectivos textos oficiales.<\/p>\n<p>Comentarios<\/p>\n<p>Los comentarios que se realicen en el sitio web habr\u00e1n de ser en todo caso respetuosos y acordes a las siguientes reglas:<\/p>\n<p>No proferir insultos, descalificaciones ni ofensas dirigidos a personas, colectivos o instituciones.<\/p>\n<p>No incitar a la violencia.<\/p>\n<p>Ajustar comentarios a la tem\u00e1tica general tratada en la p\u00e1gina en la que se realizan, sin hacer referencia a casos y asuntos concretos que necesitan un an\u00e1lisis m\u00e1s exhaustivo por nuestra parte. De igual forma, el Defensor del Pueblo Andaluz es un Organismo independiente que est\u00e1 al margen de direcciones pol\u00edticas de uno u otro partido, por lo que vamos a desestimar y no publicar los comentarios que incluyan mensajes que desacrediten o promocionen a personas, partidos pol\u00edticos u otras organizaciones.<\/p>\n<p>No repetir el mismo mensaje ni hacer spam, publicidad o un uso abusivo de la herramienta o que denote mala fe.<\/p>\n<p>No afectar el deber de reserva, confidencialidad y secreto que tiene el DPA. En este sentido, cuestiones relativas a expedientes de queja tramitados por la Instituci\u00f3n deber\u00e1n ser planteadas a trav\u00e9s de los cauces dispuestos para ello: http:\/\/www.defensordelpuebloandaluz.es\/el-defensor-a-un-clic y http:\/\/www.defensordelmenordeandalucia.es\/donde_estamos_dma<\/p>\n<p>La publicaci\u00f3n de comentarios en el sitio web no se realizar\u00e1 de manera autom\u00e1tica sino tras la verificaci\u00f3n del cumplimiento de las citadas reglas y en atenci\u00f3n a los medios disponibles, al objeto de que los procesos de gesti\u00f3n y moderaci\u00f3n puedan desarrollarse con las debidas garant\u00edas. En todo caso, el DPA se reserva el derecho a editar y eliminar los comentarios que se reciban que no atiendan las referidas reglas.<\/p>\n<p>Los comentarios tienen como prop\u00f3sito servir de canal de expresi\u00f3n de opiniones y de participaci\u00f3n ciudadana, si bien no est\u00e1n concebidos para plantear asuntos particulares, que en todo caso deben canalizarse a trav\u00e9s de quejas, de consultas o de reclamaciones dirigidas al DPA.<\/p>\n<p>Para el supuesto en que se quiera facilitar una identidad en el apartado de comentarios, se recomienda utilizar un alias o cualquier otro dato seudonimizado, ya que se podr\u00eda mostrar en la web.<\/p>\n<p>DERECHOS DE PROPIEDAD INTELECTUAL Y DE PROPIEDAD INDUSTRIAL<\/p>\n<p>Tanto el dise\u00f1o del Portal y sus c\u00f3digos fuente, como los logos, marcas, dibujos, modelos y dem\u00e1s signos distintivos que aparecen en el mismo, pertenecen al Defensor del Pueblo Andaluz o entidades colaboradoras y est\u00e1n protegidos por los correspondientes derechos de propiedad intelectual e industrial. Los contenidos del Portal est\u00e1n igualmente protegidos por derechos de propiedad intelectual del Defensor del Pueblo Andaluz o de terceros.<\/p>\n<p>Su uso, reproducci\u00f3n, distribuci\u00f3n, comunicaci\u00f3n p\u00fablica, transformaci\u00f3n o cualquier otra actividad similar o an\u00e1loga queda totalmente prohibida, salvo que medie expresa autorizaci\u00f3n del titular. La licencia de uso de cualquier contenido de este Portal otorgada al usuario se limita a la descarga, por parte de \u00e9ste, de dicho contenido y el uso privado del mismo, siempre que los citados contenidos permanezcan \u00edntegros.<\/p>\n<p>Si considera que este sitio pudiera estar violando sus derechos de propiedad intelectual y\/o industrial, rogamos se ponga en contacto con el Defensor del Pueblo Andaluz en la siguiente direcci\u00f3n de e-mail: escr\u00edbenos.<\/p>\n<p>HIPERENLACES<\/p>\n<p>El Defensor del Pueblo Andaluz le facilita el acceso a otras p\u00e1ginas web que consideramos pueden ser de su inter\u00e9s. El objetivo de dichos enlaces es \u00fanicamente facilitarle la b\u00fasqueda de los recursos que le puedan interesar a trav\u00e9s de Internet. No obstante, dichas p\u00e1ginas no pertenecen a este Comisionado, ni el mismo hace una revisi\u00f3n de sus contenidos, por lo que no puede hacerse responsable de su legalidad, del funcionamiento de la p\u00e1gina enlazada o de los posibles da\u00f1os que puedan derivarse del acceso o uso de la misma.<\/p>\n<p>De igual modo, el DPA tampoco responde de la legalidad de otros sitios web de terceros que pudiesen estar enlazados o vinculados al portal ni del uso que terceros hagan de la informaci\u00f3n publicada en el mismo, ni tampoco de los da\u00f1os sufridos o p\u00e9rdidas econ\u00f3micas que, de forma directa o indirecta, produzcan o puedan producir perjuicios econ\u00f3micos, materiales o sobre datos, provocados por el uso de dicha informaci\u00f3n. En caso de errata puede dirigirse directamente a www.centraldecomunicacion.es para la rectificaci\u00f3n de los mismos<\/p>\n<p>MARCOS O FRAMES<\/p>\n<p>El Defensor del Pueblo Andaluz proh\u00edbe expresamente la realizaci\u00f3n de \u00abframings\u00bb o la utilizaci\u00f3n, por parte de terceros, de cualesquiera otros mecanismos que alteren el dise\u00f1o, configuraci\u00f3n original o contenidos del Portal.<\/p>\n<p>SEDE ELECTR\u00d3NICA<\/p>\n<p>El DPA se responsabiliza de la integridad, veracidad y actualizaci\u00f3n de la informaci\u00f3n y los servicios a los que pueda accederse a trav\u00e9s de su Sede Electr\u00f3nica.<\/p>\n<p>PORTAL DE LA TRANSPARENCIA<\/p>\n<p>A trav\u00e9s de la informaci\u00f3n publicada en el portal de transparencia, el DPA atiende de forma peri\u00f3dica y actualizada el principio de publicidad activa establecido por la Ley 19\/2013, de 9 de diciembre, de transparencia, acceso a la informaci\u00f3n p\u00fablica y buen gobierno y por la Ley 1\/2014, de 24 de junio, de Transparencia P\u00fablica de Andaluc\u00eda, con los mecanismos adecuados para facilitar la accesibilidad, la interoperabilidad, la calidad y la reutilizaci\u00f3n de la informaci\u00f3n, as\u00ed como su identificaci\u00f3n y localizaci\u00f3n.<\/p>\n<p>LEY APLICABLE<\/p>\n<p>La ley aplicable en caso de disputa o conflicto de interpretaci\u00f3n de los t\u00e9rminos que conforman este Aviso Legal, as\u00ed como cualquier cuesti\u00f3n relacionada con los servicios del presente Portal, ser\u00e1 la ley espa\u00f1ola.<\/p>\n<\/div><\/section>\n","protected":false},"excerpt":{"rendered":"","protected":false},"author":1,"featured_media":0,"parent":0,"menu_order":0,"comment_status":"closed","ping_status":"closed","template":"","meta":{"spay_email":""},"yoast_head":"<!-- This site is optimized with the Yoast SEO plugin v18.8 - https:\/\/yoast.com\/wordpress\/plugins\/seo\/ -->\n<title>Pol\u00edtica de privacidad y aviso legal - Mediaci\u00f3n Defensor del Pueblo Andaluz<\/title>\n<meta name=\"robots\" content=\"index, follow, max-snippet:-1, max-image-preview:large, max-video-preview:-1\" \/>\n<link rel=\"canonical\" href=\"https:\/\/mediacion.defensordelpuebloandaluz.es\/mapa-recursos-andalucia\/politica-privacidad\" \/>\n<meta property=\"og:locale\" content=\"es_ES\" \/>\n<meta property=\"og:type\" content=\"article\" \/>\n<meta property=\"og:title\" content=\"Pol\u00edtica de privacidad y aviso legal - Mediaci\u00f3n Defensor del Pueblo Andaluz\" \/>\n<meta property=\"og:url\" content=\"https:\/\/mediacion.defensordelpuebloandaluz.es\/mapa-recursos-andalucia\/politica-privacidad\" \/>\n<meta property=\"og:site_name\" content=\"Mediaci\u00f3n Defensor del Pueblo Andaluz\" \/>\n<meta property=\"article:modified_time\" content=\"2022-10-07T09:20:42+00:00\" \/>\n<meta name=\"twitter:card\" content=\"summary_large_image\" \/>\n<meta name=\"twitter:label1\" content=\"Tiempo de lectura\" \/>\n\t<meta name=\"twitter:data1\" content=\"12 minutos\" \/>\n<script type=\"application\/ld+json\" class=\"yoast-schema-graph\">{\"@context\":\"https:\/\/schema.org\",\"@graph\":[{\"@type\":\"Organization\",\"@id\":\"https:\/\/mediacion.defensordelpuebloandaluz.es\/mapa-recursos-andalucia\/#organization\",\"name\":\"Mapa Mediaci\u00f3n defensor del Pueblo Andaluz\",\"url\":\"https:\/\/mediacion.defensordelpuebloandaluz.es\/mapa-recursos-andalucia\/\",\"sameAs\":[],\"logo\":{\"@type\":\"ImageObject\",\"inLanguage\":\"es\",\"@id\":\"https:\/\/mediacion.defensordelpuebloandaluz.es\/mapa-recursos-andalucia\/#\/schema\/logo\/image\/\",\"url\":\"https:\/\/mediaciondefensorpuebloandaluz.es\/wp-content\/uploads\/2020\/11\/logom.png\",\"contentUrl\":\"https:\/\/mediaciondefensorpuebloandaluz.es\/wp-content\/uploads\/2020\/11\/logom.png\",\"width\":457,\"height\":257,\"caption\":\"Mapa Mediaci\u00f3n defensor del Pueblo Andaluz\"},\"image\":{\"@id\":\"https:\/\/mediacion.defensordelpuebloandaluz.es\/mapa-recursos-andalucia\/#\/schema\/logo\/image\/\"}},{\"@type\":\"WebSite\",\"@id\":\"https:\/\/mediacion.defensordelpuebloandaluz.es\/mapa-recursos-andalucia\/#website\",\"url\":\"https:\/\/mediacion.defensordelpuebloandaluz.es\/mapa-recursos-andalucia\/\",\"name\":\"Mediaci\u00f3n Defensor del Pueblo Andaluz\",\"description\":\"Mapa de recursos p\u00fablicos de mediaci\u00f3n en Andaluc\u00eda\",\"publisher\":{\"@id\":\"https:\/\/mediacion.defensordelpuebloandaluz.es\/mapa-recursos-andalucia\/#organization\"},\"potentialAction\":[{\"@type\":\"SearchAction\",\"target\":{\"@type\":\"EntryPoint\",\"urlTemplate\":\"https:\/\/mediacion.defensordelpuebloandaluz.es\/mapa-recursos-andalucia\/?s={search_term_string}\"},\"query-input\":\"required name=search_term_string\"}],\"inLanguage\":\"es\"},{\"@type\":\"WebPage\",\"@id\":\"https:\/\/mediacion.defensordelpuebloandaluz.es\/mapa-recursos-andalucia\/politica-privacidad#webpage\",\"url\":\"https:\/\/mediacion.defensordelpuebloandaluz.es\/mapa-recursos-andalucia\/politica-privacidad\",\"name\":\"Pol\u00edtica de privacidad y aviso legal - Mediaci\u00f3n Defensor del Pueblo Andaluz\",\"isPartOf\":{\"@id\":\"https:\/\/mediacion.defensordelpuebloandaluz.es\/mapa-recursos-andalucia\/#website\"},\"datePublished\":\"2020-10-09T08:52:47+00:00\",\"dateModified\":\"2022-10-07T09:20:42+00:00\",\"breadcrumb\":{\"@id\":\"https:\/\/mediacion.defensordelpuebloandaluz.es\/mapa-recursos-andalucia\/politica-privacidad#breadcrumb\"},\"inLanguage\":\"es\",\"potentialAction\":[{\"@type\":\"ReadAction\",\"target\":[\"https:\/\/mediacion.defensordelpuebloandaluz.es\/mapa-recursos-andalucia\/politica-privacidad\"]}]},{\"@type\":\"BreadcrumbList\",\"@id\":\"https:\/\/mediacion.defensordelpuebloandaluz.es\/mapa-recursos-andalucia\/politica-privacidad#breadcrumb\",\"itemListElement\":[{\"@type\":\"ListItem\",\"position\":1,\"name\":\"Portada\",\"item\":\"https:\/\/mediacion.defensordelpuebloandaluz.es\/mapa-recursos-andalucia\/\"},{\"@type\":\"ListItem\",\"position\":2,\"name\":\"Pol\u00edtica de privacidad y aviso legal\"}]}]}<\/script>\n<!-- \/ Yoast SEO plugin. -->","yoast_head_json":{"title":"Pol\u00edtica de privacidad y aviso legal - Mediaci\u00f3n Defensor del Pueblo Andaluz","robots":{"index":"index","follow":"follow","max-snippet":"max-snippet:-1","max-image-preview":"max-image-preview:large","max-video-preview":"max-video-preview:-1"},"canonical":"https:\/\/mediacion.defensordelpuebloandaluz.es\/mapa-recursos-andalucia\/politica-privacidad","og_locale":"es_ES","og_type":"article","og_title":"Pol\u00edtica de privacidad y aviso legal - Mediaci\u00f3n Defensor del Pueblo Andaluz","og_url":"https:\/\/mediacion.defensordelpuebloandaluz.es\/mapa-recursos-andalucia\/politica-privacidad","og_site_name":"Mediaci\u00f3n Defensor del Pueblo Andaluz","article_modified_time":"2022-10-07T09:20:42+00:00","twitter_card":"summary_large_image","twitter_misc":{"Tiempo de lectura":"12 minutos"},"schema":{"@context":"https:\/\/schema.org","@graph":[{"@type":"Organization","@id":"https:\/\/mediacion.defensordelpuebloandaluz.es\/mapa-recursos-andalucia\/#organization","name":"Mapa Mediaci\u00f3n defensor del Pueblo Andaluz","url":"https:\/\/mediacion.defensordelpuebloandaluz.es\/mapa-recursos-andalucia\/","sameAs":[],"logo":{"@type":"ImageObject","inLanguage":"es","@id":"https:\/\/mediacion.defensordelpuebloandaluz.es\/mapa-recursos-andalucia\/#\/schema\/logo\/image\/","url":"https:\/\/mediaciondefensorpuebloandaluz.es\/wp-content\/uploads\/2020\/11\/logom.png","contentUrl":"https:\/\/mediaciondefensorpuebloandaluz.es\/wp-content\/uploads\/2020\/11\/logom.png","width":457,"height":257,"caption":"Mapa Mediaci\u00f3n defensor del Pueblo Andaluz"},"image":{"@id":"https:\/\/mediacion.defensordelpuebloandaluz.es\/mapa-recursos-andalucia\/#\/schema\/logo\/image\/"}},{"@type":"WebSite","@id":"https:\/\/mediacion.defensordelpuebloandaluz.es\/mapa-recursos-andalucia\/#website","url":"https:\/\/mediacion.defensordelpuebloandaluz.es\/mapa-recursos-andalucia\/","name":"Mediaci\u00f3n Defensor del Pueblo Andaluz","description":"Mapa de recursos p\u00fablicos de mediaci\u00f3n en Andaluc\u00eda","publisher":{"@id":"https:\/\/mediacion.defensordelpuebloandaluz.es\/mapa-recursos-andalucia\/#organization"},"potentialAction":[{"@type":"SearchAction","target":{"@type":"EntryPoint","urlTemplate":"https:\/\/mediacion.defensordelpuebloandaluz.es\/mapa-recursos-andalucia\/?s={search_term_string}"},"query-input":"required name=search_term_string"}],"inLanguage":"es"},{"@type":"WebPage","@id":"https:\/\/mediacion.defensordelpuebloandaluz.es\/mapa-recursos-andalucia\/politica-privacidad#webpage","url":"https:\/\/mediacion.defensordelpuebloandaluz.es\/mapa-recursos-andalucia\/politica-privacidad","name":"Pol\u00edtica de privacidad y aviso legal - Mediaci\u00f3n Defensor del Pueblo Andaluz","isPartOf":{"@id":"https:\/\/mediacion.defensordelpuebloandaluz.es\/mapa-recursos-andalucia\/#website"},"datePublished":"2020-10-09T08:52:47+00:00","dateModified":"2022-10-07T09:20:42+00:00","breadcrumb":{"@id":"https:\/\/mediacion.defensordelpuebloandaluz.es\/mapa-recursos-andalucia\/politica-privacidad#breadcrumb"},"inLanguage":"es","potentialAction":[{"@type":"ReadAction","target":["https:\/\/mediacion.defensordelpuebloandaluz.es\/mapa-recursos-andalucia\/politica-privacidad"]}]},{"@type":"BreadcrumbList","@id":"https:\/\/mediacion.defensordelpuebloandaluz.es\/mapa-recursos-andalucia\/politica-privacidad#breadcrumb","itemListElement":[{"@type":"ListItem","position":1,"name":"Portada","item":"https:\/\/mediacion.defensordelpuebloandaluz.es\/mapa-recursos-andalucia\/"},{"@type":"ListItem","position":2,"name":"Pol\u00edtica de privacidad y aviso legal"}]}]}},"_links":{"self":[{"href":"https:\/\/mediacion.defensordelpuebloandaluz.es\/mapa-recursos-andalucia\/wp-json\/wp\/v2\/pages\/3"}],"collection":[{"href":"https:\/\/mediacion.defensordelpuebloandaluz.es\/mapa-recursos-andalucia\/wp-json\/wp\/v2\/pages"}],"about":[{"href":"https:\/\/mediacion.defensordelpuebloandaluz.es\/mapa-recursos-andalucia\/wp-json\/wp\/v2\/types\/page"}],"author":[{"embeddable":true,"href":"https:\/\/mediacion.defensordelpuebloandaluz.es\/mapa-recursos-andalucia\/wp-json\/wp\/v2\/users\/1"}],"replies":[{"embeddable":true,"href":"https:\/\/mediacion.defensordelpuebloandaluz.es\/mapa-recursos-andalucia\/wp-json\/wp\/v2\/comments?post=3"}],"version-history":[{"count":3,"href":"https:\/\/mediacion.defensordelpuebloandaluz.es\/mapa-recursos-andalucia\/wp-json\/wp\/v2\/pages\/3\/revisions"}],"predecessor-version":[{"id":3548,"href":"https:\/\/mediacion.defensordelpuebloandaluz.es\/mapa-recursos-andalucia\/wp-json\/wp\/v2\/pages\/3\/revisions\/3548"}],"wp:attachment":[{"href":"https:\/\/mediacion.defensordelpuebloandaluz.es\/mapa-recursos-andalucia\/wp-json\/wp\/v2\/media?parent=3"}],"curies":[{"name":"wp","href":"https:\/\/api.w.org\/{rel}","templated":true}]}}